ber?
False
Is 54767 a composite number?
False
Is 138715 a prime number?
False
Is 405521 composite?
False
Is 14009 a prime number?
True
Is 864883 prime?
True
Is 5509 a prime number?
False
Is 139114 composite?
True
Is 16973 a prime number?
False
Is 3635 composite?
True
Is 245933 a composite number?
True
Is 45829 prime?
False
Is 6511961 a composite number?
False
Is 746 prime?
False
Is 119159 composite?
False
Is 29363 composite?
False
Is 9197 composite?
True
Is 61811 composite?
True
Is 1104595 prime?
False
Is 6173 prime?
True
Is 23227 composite?
False
Is 8939 composite?
True
Is 529985 a composite number?
True
Is 17257 a prime number?
True
Is 9122 prime?
False
Is 24731 prime?
False
Is 1835 composite?
True
Is 207803 a composite number?
True
Is 7331 prime?
True
Is 34141 composite?
False
Is 9257 prime?
True
Is 1195369 a composite number?
True
Is 167593 composite?
False
Is 229393 prime?
True
Is 5623 prime?
True
Is 216757 a prime number?
True
Is 8997 composite?
True
Is 3691 composite?
False
Is 87107 a composite number?
False
Is 143755 prime?
False
Is 17153 a prime number?
False
Is 44519 a composite number?
False
Is 121843 composite?
False
Is 1393913 a composite number?
False
Is 19579 composite?
True
Is 12333 a composite number?
True
Is 3217 prime?
True
Is 75667 a composite number?
True
Is 581729 a prime number?
True
Is 144791 prime?
True
Is 182089 prime?
True
Is 15859 composite?
False
Is 24997 composite?
True
Is 8566 prime?
False
Is 10487 prime?
True
Is 5089 a prime number?
False
Is 7339 composite?
True
Is 6941 a composite number?
True
Is 1693295 composite?
True
Is 144537 a composite number?
True
Is 32603 a composite number?
False
Is 1021541 prime?
True
Is 155609 prime?
True
Is 75079 a prime number?
True
Is 511 a prime number?
False
Is 83653 prime?
True
Is 107599 composite?
False
Is 63109 composite?
True
Is 92423 prime?
False
Is 199999 a prime number?
True
Is 59567 composite?
False
Is 121585 a composite number?
True
Is 21381 a composite number?
True
Is 3551 a composite number?
True
Is 1903 composite?
True
Is 647 a composite number?
False
Is 4391 a composite number?
False
Is 6537 a composite number?
True
Is 80263 prime?
True
Is 174703 a prime number?
True
Is 699733 prime?
True
Is 84215 prime?
False
Is 111379 composite?
True
Is 17341 prime?
True
Is 1283909 a prime number?
False
Is 336981 a prime number?
False
Is 35353 a composite number?
False
Is 213421 a prime number?
False
Is 559883 a composite number?
False
Is 37379 a composite number?
False
Is 492927 a prime number?
False
Is 416701 a composite number?
True
Is 337261 composite?
False
Is 17281 composite?
True
Is 39979 a composite number?
False
Is 2921 composite?
True
Is 83971 composite?
True
Is 737 composite?
True
Is 41641 a composite number?
False
Is 4271 a composite number?
False
Is 817 prime?
False
Is 945761 a composite number?
True
Is 409119 composite?
True
Is 44095 a composite number?
True
Is 81319 composite?
True
Is 29647 composite?
True
Is 2833 composite?
False
Is 31469 prime?
True
Is 116009 composite?
False
Is 20861 a composite number?
True
Is 49129 composite?
True
Is 38459 prime?
True
Is 12515 a prime number?
False
Is 4918 prime?
False
Is 3691 prime?
True
Is 107297 prime?
False
Is 19529 prime?
False
Is 4121 prime?
False
Is 20431 composite?
False
Is 9311 prime?
True
Is 29101 a prime number?
True
Is 3691 a composite number?
False
Is 60161 prime?
True
Is 1861 prime?
True
Is 1112623 prime?
True
Is 33377 prime?
True
Is 73709 a composite number?
False
Is 105437 prime?
True
Is 5807 prime?
True
Is 318083 prime?
False
Is 9619 prime?
True
Is 7901 a composite number?
False
Is 426845 a prime number?
False
Is 89443 a composite number?
False
Is 37691 prime?
True
Is 102281 prime?
False
Is 1303657 a prime number?
False
Is 1145 a prime number?
False
Is 5489 a composite number?
True
Is 10747 a composite number?
True
Is 173551 prime?
False
Is 11553 composite?
True
Is 19121 composite?
False
Is 28123 prime?
True
Is 102791 composite?
True
Is 7963 prime?
True
Is 3607 composite?
False
Is 941197 composite?
True
Is 45707 a prime number?
True
Is 32339 composite?
True
Is 65507 prime?
False
Is 86971 a composite number?
True
Is 21763 a prime number?
False
Is 137701 a prime number?
False
Is 3877 prime?
True
Is 67003 a composite number?
False
Is 737 composite?
True
Is 11255 prime?
False
Is 83491 a prime number?
False
Is 109555 prime?
False
Is 5639 prime?
True
Is 10729 a composite number?
False
Is 99221 a composite number?
True
Is 254069 a prime number?
False
Is 22753 composite?
True
Is 193067 composite?
True
Is 6499 prime?
False
Is 1178603 composite?
True
Is 25841 a prime number?
True
Is 2291 composite?
True
Is 2203 composite?
False
Is 3457 a composite number?
False
Is 733 a prime number?
True
Is 137929 composite?
True
Is 8726 a prime number?
False
Is 22177 prime?
False
Is 653249 prime?
False
Is 44653 prime?
False
Is 295 composite?
True
Is 21211 a prime number?
True
Is 12847 composite?
True
Is 1292353 a composite number?
False
Is 234445 composite?
True
Is 558127 prime?
False
Is 19813 composite?
False
Is 7717 prime?
True
Is 409769 a prime number?
True
Is 1084001 a prime number?
True
Is 133885 composite?
True
Is 314213 a prime number?
True
Is 38559 a prime number?
False
Is 301307 prime?
False
Is 436217 composite?
False
Is 2833 prime?
True
Is 3313 a prime number?
True
Is 4181 composite?
True
Is 15421 a composite number?
True
Is 29641 composite?
False
Is 44053 a prime number?
True
Is 4131409 a prime number?
True
Is 192497 a prime number?
True
Is 4111 composite?
False
Is 1415597 composite?
True
Is 149537 a prime number?
False
Is 15013 a prime number?
True
Is 321302 prime?
False
Is 1543 composite?
False
Is 55477 a prime number?
False
Is 495587 a composite number?
False
Is 19357 prime?
False
Is 142619 a composite number?
False
Is 29257 prime?
False
Is 22207 a composite number?
True
Is 191897 a composite number?
True
Is 209 a prime number?
False
Is 318387 a composite number?
True
Is 570769 a composite number?
True
Is 4127 a composite number?
False
Is 204641 composite?
False
Is 327839 composite?
False
Is 44503 composite?
True
Is 7493 a composite number?
True
Is 251803 a prime number?
False
Is 174137 composite?
False
Is 68969 a composite number?
True
Is 414311 composite?
False
Is 21881 a composite number?
False
Is 704797 composite?
False
Is 415583 a prime number?
False
Is 28321 a prime number?
False
Is 670447 composite?
False
Is 671633 a prime number?
True
Is 3991 composite?
True
Is 905222 a composite number?
True
Is 50863 a prime number?
False
Is 9803 a prime number?
True
Is 409363 a prime number?
False
Is 649 a prime number?
False
Is 494873 composite?
False
Is 94049 a prime number?
True
Is 253133 a prime number?
True
Is 48973 prime?
True
Is 38993 a prime number?
True
Is 13159 composite?
False
Is 93531 a prime number?
False
Is 3155 composite?
True
Is 295601 a prime number?
True
Is 232409 a composite number?
False
Is 5093 a prime number?
False
Is 443229 a composite number?
True
Is 68311 prime?
True
Is 1244987 a composite number?
False
Is 40163 composite?
False
Is 188849 a prime number?
False
Is 25111 a composite number?
False
Is 5998 a prime number?
False
Is 753 prime?
False
Is 12479 prime?
True
Is 31145 a prime number?
False
Is 1470743 a prime number?
False
Is 115357 a prime number?
False
Is 214723 a prime number?
True
Is 396026 prime?
False
Is 316259 a prime number?
True
Is 8851 a composite number?
True
Is 58241 composite?
True
Is 19029 a prime number?
False
Is 57871 composite?
True
Is 13541 a prime number?
False
Is 112349 a composite number?
False
Is 1337 a prime number?
False
Is 21761 prime?
False
Is 509451 prime?
False
Is 32467 composite?
False
Is 15877 composite?
False
Is 81317 composite?
True
Is 149165 prime?
False
Is 259151 prime?
True
Is 17707 prime?
True
Is 6637 a prime number?
True
Is 15591 prime?
False
Is 566101 composite?
False
Is 12631 composite?
True
Is 1186789 composite?
False
Is 214783 a composite number?
False
Is 43661 a prime number?
True
Is 156899 a prime number?
True
Is 1050281 prime?
True
Is 1189 prime?
False
Is 34557 a prime number?
False
Is 767 composite?
True
Is 9853 composite?
True
Is 28417 composite?
True
Is 172061 a composite number?
True
Is 1063597 prime?
True
Is 9143 a prime number?
False
Is 33403 com